{"id":1102,"date":"2025-02-04T15:06:28","date_gmt":"2025-02-04T18:06:28","guid":{"rendered":"https:\/\/novosite.chefsfactory.com.br\/?page_id=1102"},"modified":"2025-02-19T13:38:55","modified_gmt":"2025-02-19T16:38:55","slug":"solucoes-para-o-seu-negocio","status":"publish","type":"page","link":"https:\/\/novosite.chefsfactory.com.br\/?page_id=1102","title":{"rendered":"Solu\u00e7\u00f5es para o seu Neg\u00f3cio"},"content":{"rendered":"\t\t<div data-elementor-type=\"wp-page\" data-elementor-id=\"1102\" class=\"elementor elementor-1102\">\n\t\t\t\t<div class=\"elementor-element elementor-element-cff79e9 e-flex e-con-boxed e-con e-parent\" data-id=\"cff79e9\" data-element_type=\"container\" data-settings=\"{&quot;jet_parallax_layout_list&quot;:[]}\">\n\t\t\t\t\t<div class=\"e-con-inner\">\n\t\t\t\t\t<\/div>\n\t\t\t\t<\/div>\n\t\t<div class=\"elementor-element elementor-element-9a54958 e-flex e-con-boxed e-con e-parent\" data-id=\"9a54958\" data-element_type=\"container\" data-settings=\"{&quot;jet_parallax_layout_list&quot;:[]}\">\n\t\t\t\t\t<div class=\"e-con-inner\">\n\t\t<div class=\"elementor-element elementor-element-dceb939 e-con-full e-flex e-con e-child\" data-id=\"dceb939\" data-element_type=\"container\" data-settings=\"{&quot;jet_parallax_layout_list&quot;:[]}\">\n\t\t\t\t<div class=\"elementor-element elementor-element-b35c046 elementor-invisible elementor-widget elementor-widget-heading\" data-id=\"b35c046\" data-element_type=\"widget\" data-settings=\"{&quot;_animation&quot;:&quot;fadeInLeft&quot;}\" data-widget_type=\"heading.default\">\n\t\t\t\t<div class=\"elementor-widget-container\">\n\t\t\t\t\t<h2 class=\"elementor-heading-title elementor-size-default\">Solu\u00e7\u00f5es para o seu Neg\u00f3cio<\/h2>\t\t\t\t<\/div>\n\t\t\t\t<\/div>\n\t\t\t\t<div class=\"elementor-element elementor-element-4345204 elementor-widget__width-initial elementor-invisible elementor-widget elementor-widget-text-editor\" data-id=\"4345204\" data-element_type=\"widget\" data-settings=\"{&quot;_animation&quot;:&quot;fadeInLeft&quot;,&quot;_animation_delay&quot;:3}\" data-widget_type=\"text-editor.default\">\n\t\t\t\t<div class=\"elementor-widget-container\">\n\t\t\t\t\t\t\t\t\t<p>\u00a0 \u00a0 \u00a0 A Chef&#8217;s Factory \u00e9 uma ind\u00fastria de alimentos premium especialista em viennoiserie \u2013 a arte dos folhados \u2013 com sabores e texturas de tirar o f\u00f4lego at\u00e9 mesmo dos paladares mais exigentes.<\/p><p>\u00a0 \u00a0 \u00a0 Temos o compromisso de fornecer alimentos de alta qualidade visando levar sua cafeteria, loja de conveni\u00eancia, hotel, padaria ou mercado para outro n\u00edvel. Nossas cria\u00e7\u00f5es v\u00e3o al\u00e9m de simples doces e salgados, s\u00e3o verdadeiras obras-primas culin\u00e1rias criadas com a paix\u00e3o e habilidade do renomado chef Junior Stelita.<\/p><p>\u00a0 \u00a0 \u00a0 Al\u00e9m disso, se voc\u00ea est\u00e1 procurando alimentos para o seu casamento, festa ou evento corporativo, a Chef&#8217;s Factory tem tudo o que voc\u00ea precisa para impressionar seus convidados.<\/p><p>\u00a0 \u00a0 \u00a0 Conte com nossas receitas exclusivas e deliciosas para tornar seu neg\u00f3cio ou festividade um verdadeiro sucesso.<\/p>\t\t\t\t\t\t\t\t<\/div>\n\t\t\t\t<\/div>\n\t\t\t\t<\/div>\n\t\t<div class=\"elementor-element elementor-element-15312b6 e-con-full e-flex e-con e-child\" data-id=\"15312b6\" data-element_type=\"container\" data-settings=\"{&quot;jet_parallax_layout_list&quot;:[]}\">\n\t\t\t\t<div class=\"elementor-element elementor-element-bf2420b elementor-widget elementor-widget-image\" data-id=\"bf2420b\" data-element_type=\"widget\" data-widget_type=\"image.default\">\n\t\t\t\t<div class=\"elementor-widget-container\">\n\t\t\t\t\t\t\t\t\t\t\t\t\t\t\t<img fetchpriority=\"high\" decoding=\"async\" width=\"1080\" height=\"1080\" src=\"https:\/\/novosite.chefsfactory.com.br\/wp-content\/uploads\/2025\/02\/VideoCapture_20250206-182129-e1738937396533.jpg\" class=\"elementor-animation-grow attachment-full size-full wp-image-1586\" alt=\"\" srcset=\"https:\/\/novosite.chefsfactory.com.br\/wp-content\/uploads\/2025\/02\/VideoCapture_20250206-182129-e1738937396533.jpg 1080w, https:\/\/novosite.chefsfactory.com.br\/wp-content\/uploads\/2025\/02\/VideoCapture_20250206-182129-e1738937396533-300x300.jpg 300w, https:\/\/novosite.chefsfactory.com.br\/wp-content\/uploads\/2025\/02\/VideoCapture_20250206-182129-e1738937396533-1024x1024.jpg 1024w, https:\/\/novosite.chefsfactory.com.br\/wp-content\/uploads\/2025\/02\/VideoCapture_20250206-182129-e1738937396533-150x150.jpg 150w, https:\/\/novosite.chefsfactory.com.br\/wp-content\/uploads\/2025\/02\/VideoCapture_20250206-182129-e1738937396533-768x768.jpg 768w\" sizes=\"(max-width: 1080px) 100vw, 1080px\" \/>\t\t\t\t\t\t\t\t\t\t\t\t\t\t\t<\/div>\n\t\t\t\t<\/div>\n\t\t\t\t<div class=\"elementor-element elementor-element-318bb91 elementor-widget elementor-widget-image\" data-id=\"318bb91\" data-element_type=\"widget\" data-widget_type=\"image.default\">\n\t\t\t\t<div class=\"elementor-widget-container\">\n\t\t\t\t\t\t\t\t\t\t\t\t\t\t\t\t<a href=\"https:\/\/novosite.chefsfactory.com.br\/wp-content\/uploads\/2025\/02\/WhatsApp-Image-2025-02-05-at-11.55.53-scaled.jpeg\" data-elementor-open-lightbox=\"yes\" data-elementor-lightbox-title=\"WhatsApp Image 2025-02-05 at 11.55.53\" data-e-action-hash=\"#elementor-action%3Aaction%3Dlightbox%26settings%3DeyJpZCI6MTU3NSwidXJsIjoiaHR0cHM6XC9cL25vdm9zaXRlLmNoZWZzZmFjdG9yeS5jb20uYnJcL3dwLWNvbnRlbnRcL3VwbG9hZHNcLzIwMjVcLzAyXC9XaGF0c0FwcC1JbWFnZS0yMDI1LTAyLTA1LWF0LTExLjU1LjUzLXNjYWxlZC5qcGVnIn0%3D\">\n\t\t\t\t\t\t\t<img decoding=\"async\" width=\"1024\" height=\"683\" src=\"https:\/\/novosite.chefsfactory.com.br\/wp-content\/uploads\/2025\/02\/WhatsApp-Image-2025-02-05-at-11.55.53-1024x683.jpeg\" class=\"elementor-animation-grow attachment-large size-large wp-image-1575\" alt=\"\" srcset=\"https:\/\/novosite.chefsfactory.com.br\/wp-content\/uploads\/2025\/02\/WhatsApp-Image-2025-02-05-at-11.55.53-1024x683.jpeg 1024w, https:\/\/novosite.chefsfactory.com.br\/wp-content\/uploads\/2025\/02\/WhatsApp-Image-2025-02-05-at-11.55.53-300x200.jpeg 300w, https:\/\/novosite.chefsfactory.com.br\/wp-content\/uploads\/2025\/02\/WhatsApp-Image-2025-02-05-at-11.55.53-768x512.jpeg 768w, https:\/\/novosite.chefsfactory.com.br\/wp-content\/uploads\/2025\/02\/WhatsApp-Image-2025-02-05-at-11.55.53-1536x1024.jpeg 1536w, https:\/\/novosite.chefsfactory.com.br\/wp-content\/uploads\/2025\/02\/WhatsApp-Image-2025-02-05-at-11.55.53-2048x1365.jpeg 2048w\" sizes=\"(max-width: 1024px) 100vw, 1024px\" \/>\t\t\t\t\t\t\t\t<\/a>\n\t\t\t\t\t\t\t\t\t\t\t\t\t\t\t<\/div>\n\t\t\t\t<\/div>\n\t\t\t\t<\/div>\n\t\t\t\t\t<\/div>\n\t\t\t\t<\/div>\n\t\t\t\t<\/div>\n\t\t","protected":false},"excerpt":{"rendered":"<p>Solu\u00e7\u00f5es para o seu Neg\u00f3cio \u00a0 \u00a0 \u00a0 A Chef&#8217;s Factory \u00e9 uma ind\u00fastria de alimentos premium especialista em viennoiserie \u2013 a arte dos folhados \u2013 com sabores e texturas de tirar o f\u00f4lego at\u00e9 mesmo dos paladares mais exigentes. \u00a0 \u00a0 \u00a0 Temos o compromisso de fornecer alimentos de alta qualidade visando levar sua [&hellip;]<\/p>\n","protected":false},"author":1,"featured_media":0,"parent":0,"menu_order":0,"comment_status":"closed","ping_status":"closed","template":"elementor_header_footer","meta":{"footnotes":""},"class_list":["post-1102","page","type-page","status-publish","hentry"],"_links":{"self":[{"href":"https:\/\/novosite.chefsfactory.com.br\/index.php?rest_route=\/wp\/v2\/pages\/1102","targetHints":{"allow":["GET"]}}],"collection":[{"href":"https:\/\/novosite.chefsfactory.com.br\/index.php?rest_route=\/wp\/v2\/pages"}],"about":[{"href":"https:\/\/novosite.chefsfactory.com.br\/index.php?rest_route=\/wp\/v2\/types\/page"}],"author":[{"embeddable":true,"href":"https:\/\/novosite.chefsfactory.com.br\/index.php?rest_route=\/wp\/v2\/users\/1"}],"replies":[{"embeddable":true,"href":"https:\/\/novosite.chefsfactory.com.br\/index.php?rest_route=%2Fwp%2Fv2%2Fcomments&post=1102"}],"version-history":[{"count":25,"href":"https:\/\/novosite.chefsfactory.com.br\/index.php?rest_route=\/wp\/v2\/pages\/1102\/revisions"}],"predecessor-version":[{"id":1806,"href":"https:\/\/novosite.chefsfactory.com.br\/index.php?rest_route=\/wp\/v2\/pages\/1102\/revisions\/1806"}],"wp:attachment":[{"href":"https:\/\/novosite.chefsfactory.com.br\/index.php?rest_route=%2Fwp%2Fv2%2Fmedia&parent=1102"}],"curies":[{"name":"wp","href":"https:\/\/api.w.org\/{rel}","templated":true}]}}