{"id":662,"date":"2025-01-31T11:53:20","date_gmt":"2025-01-31T14:53:20","guid":{"rendered":"https:\/\/novosite.chefsfactory.com.br\/?page_id=662"},"modified":"2025-04-23T11:20:01","modified_gmt":"2025-04-23T14:20:01","slug":"eclairs","status":"publish","type":"page","link":"https:\/\/novosite.chefsfactory.com.br\/?page_id=662","title":{"rendered":"\u00c9CLAIRS"},"content":{"rendered":"\t\t<div data-elementor-type=\"wp-page\" data-elementor-id=\"662\" class=\"elementor elementor-662\">\n\t\t\t\t<div class=\"elementor-element elementor-element-5454700 e-flex e-con-boxed e-con e-parent\" data-id=\"5454700\" data-element_type=\"container\" data-settings=\"{&quot;jet_parallax_layout_list&quot;:[]}\">\n\t\t\t\t\t<div class=\"e-con-inner\">\n\t\t\t\t<div class=\"elementor-element elementor-element-3d560e6 elementor-widget elementor-widget-heading\" data-id=\"3d560e6\" data-element_type=\"widget\" data-widget_type=\"heading.default\">\n\t\t\t\t<div class=\"elementor-widget-container\">\n\t\t\t\t\t<h2 class=\"elementor-heading-title elementor-size-default\">\u00c9clair<\/h2>\t\t\t\t<\/div>\n\t\t\t\t<\/div>\n\t\t\t\t\t<\/div>\n\t\t\t\t<\/div>\n\t\t<div class=\"elementor-element elementor-element-cdbb1ee e-flex e-con-boxed e-con e-parent\" data-id=\"cdbb1ee\" data-element_type=\"container\" data-settings=\"{&quot;jet_parallax_layout_list&quot;:[]}\">\n\t\t\t\t\t<div class=\"e-con-inner\">\n\t\t<div class=\"elementor-element elementor-element-7e11aa6 e-con-full e-flex elementor-invisible e-con e-child\" data-id=\"7e11aa6\" data-element_type=\"container\" data-settings=\"{&quot;jet_parallax_layout_list&quot;:[],&quot;animation&quot;:&quot;fadeInLeft&quot;}\">\n\t\t\t\t<div class=\"elementor-element elementor-element-0d37d77 elementor-widget__width-initial elementor-widget elementor-widget-image\" data-id=\"0d37d77\" data-element_type=\"widget\" data-widget_type=\"image.default\">\n\t\t\t\t<div class=\"elementor-widget-container\">\n\t\t\t\t\t\t\t\t\t\t\t\t\t\t\t<img fetchpriority=\"high\" decoding=\"async\" width=\"819\" height=\"1024\" src=\"https:\/\/novosite.chefsfactory.com.br\/wp-content\/uploads\/2025\/04\/Prancheta-12-819x1024.jpg\" class=\"attachment-large size-large wp-image-1988\" alt=\"\" srcset=\"https:\/\/novosite.chefsfactory.com.br\/wp-content\/uploads\/2025\/04\/Prancheta-12-819x1024.jpg 819w, https:\/\/novosite.chefsfactory.com.br\/wp-content\/uploads\/2025\/04\/Prancheta-12-240x300.jpg 240w, https:\/\/novosite.chefsfactory.com.br\/wp-content\/uploads\/2025\/04\/Prancheta-12-768x960.jpg 768w, https:\/\/novosite.chefsfactory.com.br\/wp-content\/uploads\/2025\/04\/Prancheta-12-600x750.jpg 600w, https:\/\/novosite.chefsfactory.com.br\/wp-content\/uploads\/2025\/04\/Prancheta-12.jpg 1024w\" sizes=\"(max-width: 819px) 100vw, 819px\" \/>\t\t\t\t\t\t\t\t\t\t\t\t\t\t\t<\/div>\n\t\t\t\t<\/div>\n\t\t\t\t<\/div>\n\t\t<div class=\"elementor-element elementor-element-c476796 e-con-full e-flex elementor-invisible e-con e-child\" data-id=\"c476796\" data-element_type=\"container\" data-settings=\"{&quot;jet_parallax_layout_list&quot;:[],&quot;animation&quot;:&quot;fadeInRight&quot;}\">\n\t\t\t\t<div class=\"elementor-element elementor-element-bc4d22e elementor-widget elementor-widget-heading\" data-id=\"bc4d22e\" data-element_type=\"widget\" data-widget_type=\"heading.default\">\n\t\t\t\t<div class=\"elementor-widget-container\">\n\t\t\t\t\t<h2 class=\"elementor-heading-title elementor-size-default\">\u00c9clair de Cr\u00e8me P\u00e2tissi\u00e8re<\/h2>\t\t\t\t<\/div>\n\t\t\t\t<\/div>\n\t\t\t\t<div class=\"elementor-element elementor-element-8ca2fbe elementor-widget__width-initial elementor-widget elementor-widget-text-editor\" data-id=\"8ca2fbe\" data-element_type=\"widget\" data-widget_type=\"text-editor.default\">\n\t\t\t\t<div class=\"elementor-widget-container\">\n\t\t\t\t\t\t\t\t\t<div class=\"bx-im-message-image__container\"><div class=\"bx-im-message-image__bottom-container\"><div class=\"bx-im-message-default-content__container bx-im-message-default-content__scope\"><div class=\"bx-im-message-default-content__text\">Uma sobremesa leve e sofisticada. A massa p\u00e2te \u00e0 choux, delicadamente crocante por fora e macia por dentro, envolve um recheio de cr\u00e8me p\u00e2tissi\u00e8re com um toque sutil de baunilha. Para finalizar, uma cobertura generosa de chocolate branco e delicados fios de chocolate preto, garantindo um visual irresist\u00edvel.<\/div><div class=\"bx-im-message-default-content__bottom-panel\"><div class=\"bx-im-message-default-content__status-container\"><div class=\"bx-im-message-status__container bx-im-message-status__scope\"><div class=\"bx-im-message-status__date\">\u00a0<\/div><\/div><\/div><\/div><\/div><\/div><\/div><div class=\"bx-im-reaction-selector__container\"><div class=\"bx-im-reaction-selector__selector\">\u00a0<\/div><\/div>\t\t\t\t\t\t\t\t<\/div>\n\t\t\t\t<\/div>\n\t\t\t\t<\/div>\n\t\t\t\t\t<\/div>\n\t\t\t\t<\/div>\n\t\t<div class=\"elementor-element elementor-element-78f8c26 e-flex e-con-boxed e-con e-parent\" data-id=\"78f8c26\" data-element_type=\"container\" data-settings=\"{&quot;jet_parallax_layout_list&quot;:[]}\">\n\t\t\t\t\t<div class=\"e-con-inner\">\n\t\t\t\t<div class=\"elementor-element elementor-element-f8c7928 elementor-widget-divider--view-line elementor-invisible elementor-widget elementor-widget-divider\" data-id=\"f8c7928\" data-element_type=\"widget\" data-settings=\"{&quot;_animation&quot;:&quot;zoomIn&quot;}\" data-widget_type=\"divider.default\">\n\t\t\t\t<div class=\"elementor-widget-container\">\n\t\t\t\t\t\t\t<div class=\"elementor-divider\">\n\t\t\t<span class=\"elementor-divider-separator\">\n\t\t\t\t\t\t<\/span>\n\t\t<\/div>\n\t\t\t\t\t\t<\/div>\n\t\t\t\t<\/div>\n\t\t\t\t\t<\/div>\n\t\t\t\t<\/div>\n\t\t<div class=\"elementor-element elementor-element-b137fb4 e-flex e-con-boxed e-con e-parent\" data-id=\"b137fb4\" data-element_type=\"container\" data-settings=\"{&quot;jet_parallax_layout_list&quot;:[]}\">\n\t\t\t\t\t<div class=\"e-con-inner\">\n\t\t<div class=\"elementor-element elementor-element-b7164ca e-con-full e-flex elementor-invisible e-con e-child\" data-id=\"b7164ca\" data-element_type=\"container\" data-settings=\"{&quot;jet_parallax_layout_list&quot;:[],&quot;animation&quot;:&quot;fadeInLeft&quot;}\">\n\t\t\t\t<div class=\"elementor-element elementor-element-aa275f5 elementor-widget__width-initial elementor-widget elementor-widget-image\" data-id=\"aa275f5\" data-element_type=\"widget\" data-widget_type=\"image.default\">\n\t\t\t\t<div class=\"elementor-widget-container\">\n\t\t\t\t\t\t\t\t\t\t\t\t\t\t\t<img decoding=\"async\" width=\"819\" height=\"1024\" src=\"https:\/\/novosite.chefsfactory.com.br\/wp-content\/uploads\/2025\/04\/Prancheta-13-819x1024.jpg\" class=\"attachment-large size-large wp-image-1989\" alt=\"\" srcset=\"https:\/\/novosite.chefsfactory.com.br\/wp-content\/uploads\/2025\/04\/Prancheta-13-819x1024.jpg 819w, https:\/\/novosite.chefsfactory.com.br\/wp-content\/uploads\/2025\/04\/Prancheta-13-240x300.jpg 240w, https:\/\/novosite.chefsfactory.com.br\/wp-content\/uploads\/2025\/04\/Prancheta-13-768x960.jpg 768w, https:\/\/novosite.chefsfactory.com.br\/wp-content\/uploads\/2025\/04\/Prancheta-13-600x750.jpg 600w, https:\/\/novosite.chefsfactory.com.br\/wp-content\/uploads\/2025\/04\/Prancheta-13.jpg 1024w\" sizes=\"(max-width: 819px) 100vw, 819px\" \/>\t\t\t\t\t\t\t\t\t\t\t\t\t\t\t<\/div>\n\t\t\t\t<\/div>\n\t\t\t\t<\/div>\n\t\t<div class=\"elementor-element elementor-element-ddffa98 e-con-full e-flex elementor-invisible e-con e-child\" data-id=\"ddffa98\" data-element_type=\"container\" data-settings=\"{&quot;jet_parallax_layout_list&quot;:[],&quot;animation&quot;:&quot;fadeInRight&quot;}\">\n\t\t\t\t<div class=\"elementor-element elementor-element-9b7267d elementor-widget elementor-widget-heading\" data-id=\"9b7267d\" data-element_type=\"widget\" data-widget_type=\"heading.default\">\n\t\t\t\t<div class=\"elementor-widget-container\">\n\t\t\t\t\t<h2 class=\"elementor-heading-title elementor-size-default\">\u00c9clair de Doce de Leite<\/h2>\t\t\t\t<\/div>\n\t\t\t\t<\/div>\n\t\t\t\t<div class=\"elementor-element elementor-element-b30571e elementor-widget__width-initial elementor-widget elementor-widget-text-editor\" data-id=\"b30571e\" data-element_type=\"widget\" data-widget_type=\"text-editor.default\">\n\t\t\t\t<div class=\"elementor-widget-container\">\n\t\t\t\t\t\t\t\t\t<div class=\"bx-im-message-image__container\"><div class=\"bx-im-message-image__bottom-container\"><div class=\"bx-im-message-default-content__container bx-im-message-default-content__scope\"><div class=\"bx-im-message-default-content__text\">A massa p\u00e2te \u00e0 choux se mistura com um recheio marcante de doce de leite, com cobertura de chocolate. Para finalizar, fios de chocolate branco que n\u00e3o passar\u00e3o despercebidos.<\/div><\/div><\/div><\/div>\t\t\t\t\t\t\t\t<\/div>\n\t\t\t\t<\/div>\n\t\t\t\t<\/div>\n\t\t\t\t\t<\/div>\n\t\t\t\t<\/div>\n\t\t<div class=\"elementor-element elementor-element-0f99187 e-flex e-con-boxed e-con e-parent\" data-id=\"0f99187\" data-element_type=\"container\" data-settings=\"{&quot;jet_parallax_layout_list&quot;:[]}\">\n\t\t\t\t\t<div class=\"e-con-inner\">\n\t\t\t\t<div class=\"elementor-element elementor-element-db553ea elementor-widget-divider--view-line elementor-invisible elementor-widget elementor-widget-divider\" data-id=\"db553ea\" data-element_type=\"widget\" data-settings=\"{&quot;_animation&quot;:&quot;zoomIn&quot;}\" data-widget_type=\"divider.default\">\n\t\t\t\t<div class=\"elementor-widget-container\">\n\t\t\t\t\t\t\t<div class=\"elementor-divider\">\n\t\t\t<span class=\"elementor-divider-separator\">\n\t\t\t\t\t\t<\/span>\n\t\t<\/div>\n\t\t\t\t\t\t<\/div>\n\t\t\t\t<\/div>\n\t\t\t\t\t<\/div>\n\t\t\t\t<\/div>\n\t\t\t\t<\/div>\n\t\t","protected":false},"excerpt":{"rendered":"<p>\u00c9clair \u00c9clair de Cr\u00e8me P\u00e2tissi\u00e8re Uma sobremesa leve e sofisticada. A massa p\u00e2te \u00e0 choux, delicadamente crocante por fora e macia por dentro, envolve um recheio de cr\u00e8me p\u00e2tissi\u00e8re com um toque sutil de baunilha. Para finalizar, uma cobertura generosa de chocolate branco e delicados fios de chocolate preto, garantindo um visual irresist\u00edvel.\u00a0\u00a0 \u00c9clair de [&hellip;]<\/p>\n","protected":false},"author":1,"featured_media":0,"parent":0,"menu_order":0,"comment_status":"closed","ping_status":"closed","template":"elementor_header_footer","meta":{"footnotes":""},"class_list":["post-662","page","type-page","status-publish","hentry"],"_links":{"self":[{"href":"https:\/\/novosite.chefsfactory.com.br\/index.php?rest_route=\/wp\/v2\/pages\/662","targetHints":{"allow":["GET"]}}],"collection":[{"href":"https:\/\/novosite.chefsfactory.com.br\/index.php?rest_route=\/wp\/v2\/pages"}],"about":[{"href":"https:\/\/novosite.chefsfactory.com.br\/index.php?rest_route=\/wp\/v2\/types\/page"}],"author":[{"embeddable":true,"href":"https:\/\/novosite.chefsfactory.com.br\/index.php?rest_route=\/wp\/v2\/users\/1"}],"replies":[{"embeddable":true,"href":"https:\/\/novosite.chefsfactory.com.br\/index.php?rest_route=%2Fwp%2Fv2%2Fcomments&post=662"}],"version-history":[{"count":4,"href":"https:\/\/novosite.chefsfactory.com.br\/index.php?rest_route=\/wp\/v2\/pages\/662\/revisions"}],"predecessor-version":[{"id":1992,"href":"https:\/\/novosite.chefsfactory.com.br\/index.php?rest_route=\/wp\/v2\/pages\/662\/revisions\/1992"}],"wp:attachment":[{"href":"https:\/\/novosite.chefsfactory.com.br\/index.php?rest_route=%2Fwp%2Fv2%2Fmedia&parent=662"}],"curies":[{"name":"wp","href":"https:\/\/api.w.org\/{rel}","templated":true}]}}