{"id":672,"date":"2025-01-31T11:55:10","date_gmt":"2025-01-31T14:55:10","guid":{"rendered":"https:\/\/novosite.chefsfactory.com.br\/?page_id=672"},"modified":"2025-04-23T13:43:13","modified_gmt":"2025-04-23T16:43:13","slug":"tortas","status":"publish","type":"page","link":"https:\/\/novosite.chefsfactory.com.br\/?page_id=672","title":{"rendered":"TORTAS"},"content":{"rendered":"\t\t<div data-elementor-type=\"wp-page\" data-elementor-id=\"672\" class=\"elementor elementor-672\">\n\t\t\t\t<div class=\"elementor-element elementor-element-66b297d e-flex e-con-boxed e-con e-parent\" data-id=\"66b297d\" data-element_type=\"container\" data-settings=\"{&quot;jet_parallax_layout_list&quot;:[]}\">\n\t\t\t\t\t<div class=\"e-con-inner\">\n\t\t\t\t<div class=\"elementor-element elementor-element-b7d01dd elementor-widget elementor-widget-heading\" data-id=\"b7d01dd\" data-element_type=\"widget\" data-widget_type=\"heading.default\">\n\t\t\t\t<div class=\"elementor-widget-container\">\n\t\t\t\t\t<h2 class=\"elementor-heading-title elementor-size-default\">Tortas<\/h2>\t\t\t\t<\/div>\n\t\t\t\t<\/div>\n\t\t\t\t\t<\/div>\n\t\t\t\t<\/div>\n\t\t<div class=\"elementor-element elementor-element-4875238 e-flex e-con-boxed e-con e-parent\" data-id=\"4875238\" data-element_type=\"container\" data-settings=\"{&quot;jet_parallax_layout_list&quot;:[]}\">\n\t\t\t\t\t<div class=\"e-con-inner\">\n\t\t<div class=\"elementor-element elementor-element-1c06685 e-con-full e-flex elementor-invisible e-con e-child\" data-id=\"1c06685\" data-element_type=\"container\" data-settings=\"{&quot;jet_parallax_layout_list&quot;:[],&quot;animation&quot;:&quot;fadeInLeft&quot;}\">\n\t\t\t\t<div class=\"elementor-element elementor-element-e3ef396 elementor-widget__width-initial elementor-widget elementor-widget-image\" data-id=\"e3ef396\" data-element_type=\"widget\" data-widget_type=\"image.default\">\n\t\t\t\t<div class=\"elementor-widget-container\">\n\t\t\t\t\t\t\t\t\t\t\t\t\t\t\t<img fetchpriority=\"high\" decoding=\"async\" width=\"819\" height=\"1024\" src=\"https:\/\/novosite.chefsfactory.com.br\/wp-content\/uploads\/2025\/04\/Prancheta-21-1-819x1024.jpg\" class=\"attachment-large size-large wp-image-2013\" alt=\"\" srcset=\"https:\/\/novosite.chefsfactory.com.br\/wp-content\/uploads\/2025\/04\/Prancheta-21-1-819x1024.jpg 819w, https:\/\/novosite.chefsfactory.com.br\/wp-content\/uploads\/2025\/04\/Prancheta-21-1-240x300.jpg 240w, https:\/\/novosite.chefsfactory.com.br\/wp-content\/uploads\/2025\/04\/Prancheta-21-1-768x960.jpg 768w, https:\/\/novosite.chefsfactory.com.br\/wp-content\/uploads\/2025\/04\/Prancheta-21-1-600x750.jpg 600w, https:\/\/novosite.chefsfactory.com.br\/wp-content\/uploads\/2025\/04\/Prancheta-21-1.jpg 1024w\" sizes=\"(max-width: 819px) 100vw, 819px\" \/>\t\t\t\t\t\t\t\t\t\t\t\t\t\t\t<\/div>\n\t\t\t\t<\/div>\n\t\t\t\t<\/div>\n\t\t<div class=\"elementor-element elementor-element-6ba27b2 e-con-full e-flex elementor-invisible e-con e-child\" data-id=\"6ba27b2\" data-element_type=\"container\" data-settings=\"{&quot;jet_parallax_layout_list&quot;:[],&quot;animation&quot;:&quot;fadeInRight&quot;}\">\n\t\t\t\t<div class=\"elementor-element elementor-element-d675dab elementor-widget elementor-widget-heading\" data-id=\"d675dab\" data-element_type=\"widget\" data-widget_type=\"heading.default\">\n\t\t\t\t<div class=\"elementor-widget-container\">\n\t\t\t\t\t<h2 class=\"elementor-heading-title elementor-size-default\">Torta de Frango com Requeij\u00e3o<\/h2>\t\t\t\t<\/div>\n\t\t\t\t<\/div>\n\t\t\t\t<div class=\"elementor-element elementor-element-6d631fa elementor-widget__width-initial elementor-widget elementor-widget-text-editor\" data-id=\"6d631fa\" data-element_type=\"widget\" data-widget_type=\"text-editor.default\">\n\t\t\t\t<div class=\"elementor-widget-container\">\n\t\t\t\t\t\t\t\t\t<div class=\"bx-im-message-image__container\"><div class=\"bx-im-message-image__bottom-container\"><div class=\"bx-im-message-default-content__container bx-im-message-default-content__scope\"><div class=\"bx-im-message-default-content__text\">Recheio suculento, temperado com especiarias e frango em peda\u00e7os, garantindo textura e sabor. O toque especial? Uma camada generosa de Catupiry\u00ae que traz cremosidade. Tudo isso envolto em uma massa bris\u00e9e leve e delicadamente crocante, diferente das empadas tradicionais.<\/div><\/div><\/div><\/div>\t\t\t\t\t\t\t\t<\/div>\n\t\t\t\t<\/div>\n\t\t\t\t<\/div>\n\t\t\t\t\t<\/div>\n\t\t\t\t<\/div>\n\t\t<div class=\"elementor-element elementor-element-3dc4d97 e-flex e-con-boxed e-con e-parent\" data-id=\"3dc4d97\" data-element_type=\"container\" data-settings=\"{&quot;jet_parallax_layout_list&quot;:[]}\">\n\t\t\t\t\t<div class=\"e-con-inner\">\n\t\t\t\t<div class=\"elementor-element elementor-element-f075984 elementor-widget-divider--view-line elementor-invisible elementor-widget elementor-widget-divider\" data-id=\"f075984\" data-element_type=\"widget\" data-settings=\"{&quot;_animation&quot;:&quot;zoomIn&quot;}\" data-widget_type=\"divider.default\">\n\t\t\t\t<div class=\"elementor-widget-container\">\n\t\t\t\t\t\t\t<div class=\"elementor-divider\">\n\t\t\t<span class=\"elementor-divider-separator\">\n\t\t\t\t\t\t<\/span>\n\t\t<\/div>\n\t\t\t\t\t\t<\/div>\n\t\t\t\t<\/div>\n\t\t\t\t\t<\/div>\n\t\t\t\t<\/div>\n\t\t<div class=\"elementor-element elementor-element-253bd39 e-flex e-con-boxed e-con e-parent\" data-id=\"253bd39\" data-element_type=\"container\" data-settings=\"{&quot;jet_parallax_layout_list&quot;:[]}\">\n\t\t\t\t\t<div class=\"e-con-inner\">\n\t\t<div class=\"elementor-element elementor-element-9710410 e-con-full e-flex elementor-invisible e-con e-child\" data-id=\"9710410\" data-element_type=\"container\" data-settings=\"{&quot;jet_parallax_layout_list&quot;:[],&quot;animation&quot;:&quot;fadeInLeft&quot;}\">\n\t\t\t\t<div class=\"elementor-element elementor-element-ec76feb elementor-widget__width-initial elementor-widget elementor-widget-image\" data-id=\"ec76feb\" data-element_type=\"widget\" data-widget_type=\"image.default\">\n\t\t\t\t<div class=\"elementor-widget-container\">\n\t\t\t\t\t\t\t\t\t\t\t\t\t\t\t<img decoding=\"async\" width=\"819\" height=\"1024\" src=\"https:\/\/novosite.chefsfactory.com.br\/wp-content\/uploads\/2025\/04\/Prancheta-22-819x1024.jpg\" class=\"attachment-large size-large wp-image-2014\" alt=\"\" srcset=\"https:\/\/novosite.chefsfactory.com.br\/wp-content\/uploads\/2025\/04\/Prancheta-22-819x1024.jpg 819w, https:\/\/novosite.chefsfactory.com.br\/wp-content\/uploads\/2025\/04\/Prancheta-22-240x300.jpg 240w, https:\/\/novosite.chefsfactory.com.br\/wp-content\/uploads\/2025\/04\/Prancheta-22-768x960.jpg 768w, https:\/\/novosite.chefsfactory.com.br\/wp-content\/uploads\/2025\/04\/Prancheta-22-600x750.jpg 600w, https:\/\/novosite.chefsfactory.com.br\/wp-content\/uploads\/2025\/04\/Prancheta-22.jpg 1024w\" sizes=\"(max-width: 819px) 100vw, 819px\" \/>\t\t\t\t\t\t\t\t\t\t\t\t\t\t\t<\/div>\n\t\t\t\t<\/div>\n\t\t\t\t<\/div>\n\t\t<div class=\"elementor-element elementor-element-365c189 e-con-full e-flex elementor-invisible e-con e-child\" data-id=\"365c189\" data-element_type=\"container\" data-settings=\"{&quot;jet_parallax_layout_list&quot;:[],&quot;animation&quot;:&quot;fadeInRight&quot;}\">\n\t\t\t\t<div class=\"elementor-element elementor-element-d708a81 elementor-widget elementor-widget-heading\" data-id=\"d708a81\" data-element_type=\"widget\" data-widget_type=\"heading.default\">\n\t\t\t\t<div class=\"elementor-widget-container\">\n\t\t\t\t\t<h2 class=\"elementor-heading-title elementor-size-default\">Torta de Ma\u00e7\u00e3<\/h2>\t\t\t\t<\/div>\n\t\t\t\t<\/div>\n\t\t\t\t<div class=\"elementor-element elementor-element-58722b7 elementor-widget__width-initial elementor-widget elementor-widget-text-editor\" data-id=\"58722b7\" data-element_type=\"widget\" data-widget_type=\"text-editor.default\">\n\t\t\t\t<div class=\"elementor-widget-container\">\n\t\t\t\t\t\t\t\t\t<div class=\"bx-im-message-image__container\"><div class=\"bx-im-message-image__bottom-container\"><div class=\"bx-im-message-default-content__container bx-im-message-default-content__scope\"><div class=\"bx-im-message-default-content__text\">Ma\u00e7\u00e3s em cubos que garantem textura, envoltas no encontro perfeito de baunilha, noz-moscada e canela. A cobertura de crumble traz croc\u00e2ncia, enquanto a massa sucr\u00e9e derrete na boca. Para uma experi\u00eancia ainda mais especial, sirva com chantilly ou sorvete.<\/div><\/div><\/div><\/div>\t\t\t\t\t\t\t\t<\/div>\n\t\t\t\t<\/div>\n\t\t\t\t<\/div>\n\t\t\t\t\t<\/div>\n\t\t\t\t<\/div>\n\t\t<div class=\"elementor-element elementor-element-6cf03b3 e-flex e-con-boxed e-con e-parent\" data-id=\"6cf03b3\" data-element_type=\"container\" data-settings=\"{&quot;jet_parallax_layout_list&quot;:[]}\">\n\t\t\t\t\t<div class=\"e-con-inner\">\n\t\t\t\t<div class=\"elementor-element elementor-element-a99d7a3 elementor-widget-divider--view-line elementor-invisible elementor-widget elementor-widget-divider\" data-id=\"a99d7a3\" data-element_type=\"widget\" data-settings=\"{&quot;_animation&quot;:&quot;zoomIn&quot;}\" data-widget_type=\"divider.default\">\n\t\t\t\t<div class=\"elementor-widget-container\">\n\t\t\t\t\t\t\t<div class=\"elementor-divider\">\n\t\t\t<span class=\"elementor-divider-separator\">\n\t\t\t\t\t\t<\/span>\n\t\t<\/div>\n\t\t\t\t\t\t<\/div>\n\t\t\t\t<\/div>\n\t\t\t\t\t<\/div>\n\t\t\t\t<\/div>\n\t\t\t\t<\/div>\n\t\t","protected":false},"excerpt":{"rendered":"<p>Tortas Torta de Frango com Requeij\u00e3o Recheio suculento, temperado com especiarias e frango em peda\u00e7os, garantindo textura e sabor. O toque especial? Uma camada generosa de Catupiry\u00ae que traz cremosidade. Tudo isso envolto em uma massa bris\u00e9e leve e delicadamente crocante, diferente das empadas tradicionais. Torta de Ma\u00e7\u00e3 Ma\u00e7\u00e3s em cubos que garantem textura, envoltas [&hellip;]<\/p>\n","protected":false},"author":1,"featured_media":0,"parent":0,"menu_order":0,"comment_status":"closed","ping_status":"closed","template":"elementor_header_footer","meta":{"footnotes":""},"class_list":["post-672","page","type-page","status-publish","hentry"],"_links":{"self":[{"href":"https:\/\/novosite.chefsfactory.com.br\/index.php?rest_route=\/wp\/v2\/pages\/672","targetHints":{"allow":["GET"]}}],"collection":[{"href":"https:\/\/novosite.chefsfactory.com.br\/index.php?rest_route=\/wp\/v2\/pages"}],"about":[{"href":"https:\/\/novosite.chefsfactory.com.br\/index.php?rest_route=\/wp\/v2\/types\/page"}],"author":[{"embeddable":true,"href":"https:\/\/novosite.chefsfactory.com.br\/index.php?rest_route=\/wp\/v2\/users\/1"}],"replies":[{"embeddable":true,"href":"https:\/\/novosite.chefsfactory.com.br\/index.php?rest_route=%2Fwp%2Fv2%2Fcomments&post=672"}],"version-history":[{"count":4,"href":"https:\/\/novosite.chefsfactory.com.br\/index.php?rest_route=\/wp\/v2\/pages\/672\/revisions"}],"predecessor-version":[{"id":2017,"href":"https:\/\/novosite.chefsfactory.com.br\/index.php?rest_route=\/wp\/v2\/pages\/672\/revisions\/2017"}],"wp:attachment":[{"href":"https:\/\/novosite.chefsfactory.com.br\/index.php?rest_route=%2Fwp%2Fv2%2Fmedia&parent=672"}],"curies":[{"name":"wp","href":"https:\/\/api.w.org\/{rel}","templated":true}]}}