{"id":765,"date":"2025-01-31T12:48:58","date_gmt":"2025-01-31T15:48:58","guid":{"rendered":"https:\/\/novosite.chefsfactory.com.br\/?page_id=765"},"modified":"2025-02-27T17:23:33","modified_gmt":"2025-02-27T20:23:33","slug":"alimentos-premium","status":"publish","type":"page","link":"https:\/\/novosite.chefsfactory.com.br\/?page_id=765","title":{"rendered":"ALIMENTOS PREMIUM"},"content":{"rendered":"\t\t<div data-elementor-type=\"wp-page\" data-elementor-id=\"765\" class=\"elementor elementor-765\">\n\t\t\t\t<div class=\"elementor-element elementor-element-54f81cd e-con-full e-flex e-con e-parent\" data-id=\"54f81cd\" data-element_type=\"container\" data-settings=\"{&quot;jet_parallax_layout_list&quot;:[]}\">\n\t\t<div class=\"elementor-element elementor-element-c9fad2f e-con-full e-flex e-con e-child\" data-id=\"c9fad2f\" data-element_type=\"container\" data-settings=\"{&quot;jet_parallax_layout_list&quot;:[]}\">\n\t\t\t\t<div class=\"elementor-element elementor-element-f0ead03 elementor-widget elementor-widget-heading\" data-id=\"f0ead03\" data-element_type=\"widget\" data-widget_type=\"heading.default\">\n\t\t\t\t<div class=\"elementor-widget-container\">\n\t\t\t\t\t<h2 class=\"elementor-heading-title elementor-size-default\">Alimentos Premium<\/h2>\t\t\t\t<\/div>\n\t\t\t\t<\/div>\n\t\t\t\t<div class=\"elementor-element elementor-element-e7cd3a6 elementor-widget__width-initial elementor-widget elementor-widget-text-editor\" data-id=\"e7cd3a6\" data-element_type=\"widget\" data-widget_type=\"text-editor.default\">\n\t\t\t\t<div class=\"elementor-widget-container\">\n\t\t\t\t\t\t\t\t\t<p>Liderados pelo renomado Chef Junior Stelita, nossa equipe de cozinheiros e especialistas em qualidade trabalha somente com insumos de primeira linha e rigorosamente selecionados.<\/p><p>Cada detalhe na produ\u00e7\u00e3o \u00e9 pensado para transformar os ingredientes em verdadeiras obras-primas folhadas, como o controle da temperatura em todas as etapas do processo e o tempo de descanso dos insumos, necess\u00e1rio para que os sabores se desenvolvam, as texturas fiquem perfeitas e a experi\u00eancia do seu cliente seja \u00fanica.<\/p><p>Ao provar nossa linha de croissants, seus clientes far\u00e3o uma verdadeira viagem gastron\u00f4mica para os melhores caf\u00e9s de Paris. Os croissants Chef&#8217;s Factory s\u00e3o feitos com manteiga e gordura 100% naturais do leite, garantindo uma casquinha crocante, extrema leveza e um sabor sutil de manteiga.<\/p>\t\t\t\t\t\t\t\t<\/div>\n\t\t\t\t<\/div>\n\t\t\t\t<\/div>\n\t\t<div class=\"elementor-element elementor-element-6b0e77e e-con-full e-flex e-con e-child\" data-id=\"6b0e77e\" data-element_type=\"container\" data-settings=\"{&quot;jet_parallax_layout_list&quot;:[]}\">\n\t\t\t\t<div class=\"elementor-element elementor-element-639d4de elementor-widget__width-initial elementor-widget-mobile__width-inherit elementor-widget elementor-widget-image\" data-id=\"639d4de\" data-element_type=\"widget\" data-widget_type=\"image.default\">\n\t\t\t\t<div class=\"elementor-widget-container\">\n\t\t\t\t\t\t\t\t\t\t\t\t\t\t\t<img fetchpriority=\"high\" decoding=\"async\" width=\"807\" height=\"720\" src=\"https:\/\/novosite.chefsfactory.com.br\/wp-content\/uploads\/2025\/01\/Imagem1.png\" class=\"attachment-large size-large wp-image-276\" alt=\"\" srcset=\"https:\/\/novosite.chefsfactory.com.br\/wp-content\/uploads\/2025\/01\/Imagem1.png 807w, https:\/\/novosite.chefsfactory.com.br\/wp-content\/uploads\/2025\/01\/Imagem1-600x535.png 600w, https:\/\/novosite.chefsfactory.com.br\/wp-content\/uploads\/2025\/01\/Imagem1-300x268.png 300w, https:\/\/novosite.chefsfactory.com.br\/wp-content\/uploads\/2025\/01\/Imagem1-768x685.png 768w\" sizes=\"(max-width: 807px) 100vw, 807px\" \/>\t\t\t\t\t\t\t\t\t\t\t\t\t\t\t<\/div>\n\t\t\t\t<\/div>\n\t\t\t\t<\/div>\n\t\t\t\t<\/div>\n\t\t\t\t<\/div>\n\t\t","protected":false},"excerpt":{"rendered":"<p>Alimentos Premium Liderados pelo renomado Chef Junior Stelita, nossa equipe de cozinheiros e especialistas em qualidade trabalha somente com insumos de primeira linha e rigorosamente selecionados. Cada detalhe na produ\u00e7\u00e3o \u00e9 pensado para transformar os ingredientes em verdadeiras obras-primas folhadas, como o controle da temperatura em todas as etapas do processo e o tempo de [&hellip;]<\/p>\n","protected":false},"author":1,"featured_media":0,"parent":0,"menu_order":0,"comment_status":"closed","ping_status":"closed","template":"elementor_header_footer","meta":{"footnotes":""},"class_list":["post-765","page","type-page","status-publish","hentry"],"_links":{"self":[{"href":"https:\/\/novosite.chefsfactory.com.br\/index.php?rest_route=\/wp\/v2\/pages\/765","targetHints":{"allow":["GET"]}}],"collection":[{"href":"https:\/\/novosite.chefsfactory.com.br\/index.php?rest_route=\/wp\/v2\/pages"}],"about":[{"href":"https:\/\/novosite.chefsfactory.com.br\/index.php?rest_route=\/wp\/v2\/types\/page"}],"author":[{"embeddable":true,"href":"https:\/\/novosite.chefsfactory.com.br\/index.php?rest_route=\/wp\/v2\/users\/1"}],"replies":[{"embeddable":true,"href":"https:\/\/novosite.chefsfactory.com.br\/index.php?rest_route=%2Fwp%2Fv2%2Fcomments&post=765"}],"version-history":[{"count":34,"href":"https:\/\/novosite.chefsfactory.com.br\/index.php?rest_route=\/wp\/v2\/pages\/765\/revisions"}],"predecessor-version":[{"id":1928,"href":"https:\/\/novosite.chefsfactory.com.br\/index.php?rest_route=\/wp\/v2\/pages\/765\/revisions\/1928"}],"wp:attachment":[{"href":"https:\/\/novosite.chefsfactory.com.br\/index.php?rest_route=%2Fwp%2Fv2%2Fmedia&parent=765"}],"curies":[{"name":"wp","href":"https:\/\/api.w.org\/{rel}","templated":true}]}}